{"id":16052,"date":"2025-12-10T09:57:08","date_gmt":"2025-12-10T09:57:08","guid":{"rendered":"https:\/\/riche.se\/fenix\/?post_type=events&#038;p=16052"},"modified":"2025-12-10T10:00:40","modified_gmt":"2025-12-10T10:00:40","slug":"lucia-lucia-lucia-med-amanda-ooms","status":"publish","type":"events","link":"https:\/\/riche.se\/fenix\/kalendarium\/lucia-lucia-lucia-med-amanda-ooms\/","title":{"rendered":"Lucia Lucia Lucia med Amanda Ooms"},"content":{"rendered":"<p><img loading=\"lazy\" decoding=\"async\" class=\"size-medium wp-image-16054\" src=\"https:\/\/riche.se\/fenix\/wp-content\/uploads\/sites\/3\/sites\/3\/2025\/12\/IMG_2599-179x300.jpeg\" alt=\"\" width=\"179\" height=\"300\" srcset=\"https:\/\/riche.se\/fenix\/wp-content\/uploads\/sites\/3\/sites\/3\/2025\/12\/IMG_2599-179x300.jpeg 179w, https:\/\/riche.se\/fenix\/wp-content\/uploads\/sites\/3\/sites\/3\/2025\/12\/IMG_2599-611x1024.jpeg 611w, https:\/\/riche.se\/fenix\/wp-content\/uploads\/sites\/3\/sites\/3\/2025\/12\/IMG_2599-768x1286.jpeg 768w, https:\/\/riche.se\/fenix\/wp-content\/uploads\/sites\/3\/sites\/3\/2025\/12\/IMG_2599.jpeg 828w\" sizes=\"auto, (max-width: 179px) 100vw, 179px\" \/><\/p>\n<p>&#8221;Lucia Lucia Lucia &#8211; Fr\u00e4ls oss fr\u00e5n m\u00f6rkrets makter&#8221;<\/p>\n<p>V\u00e4lkomna till oss p\u00e5 Riche Fenix mellan 17:00-19:00 f\u00f6r att v\u00e4rma era sj\u00e4lar och ta en rej\u00e4l sup mot m\u00f6rkret!<br \/>\nFr\u00f6ken <a href=\"https:\/\/www.instagram.com\/amandaooms\/\" target=\"_blank\" rel=\"noopener\"><span style=\"text-decoration: underline\"><strong>A Ooms<\/strong><\/span><\/a> har bokat sitt bord bredvid baren med sin svarta mapp fylld av vackra teckningar och en liten extra bricka med Fenix edition mini collage att ge till dem ni \u00e4lskar eller dem som beh\u00f6ver l\u00e4ra sig ett och annat.<\/p>\n<p>18.00 sker Sankta Lucia performance p\u00e5 bardisken med ord fr\u00e5n poeter och m\u00f6rkr\u00e4dda sj\u00e4lar!<\/p>\n<p>&nbsp;<\/p>\n","protected":false},"excerpt":{"rendered":"<p>Fr\u00f6ken A Ooms har bokat sitt bord bredvid baren med sin svarta mapp fylld av vackra teckningar och en liten extra bricka med Fenix edition mini collage att ge till dem ni \u00e4lskar eller dem som beh\u00f6ver l\u00e4ra sig ett och annat. Kl. 18.00 sker Sankta Lucia performance p\u00e5 bardisken med ord fr\u00e5n poeter och m\u00f6rkr\u00e4dda sj\u00e4lar!<\/p>\n","protected":false},"featured_media":16055,"template":"","class_list":["post-16052","events","type-events","status-publish","has-post-thumbnail","hentry"],"acf":[],"yoast_head":"<!-- This site is optimized with the Yoast SEO plugin v27.5 - https:\/\/yoast.com\/product\/yoast-seo-wordpress\/ -->\n<title>Lucia Lucia Lucia med Amanda Ooms - Riche Fenix<\/title>\n<meta name=\"robots\" content=\"index, follow, max-snippet:-1, max-image-preview:large, max-video-preview:-1\" \/>\n<link rel=\"canonical\" href=\"https:\/\/riche.se\/fenix\/kalendarium\/lucia-lucia-lucia-med-amanda-ooms\/\" \/>\n<meta property=\"og:locale\" content=\"sv_SE\" \/>\n<meta property=\"og:type\" content=\"article\" \/>\n<meta property=\"og:title\" content=\"Lucia Lucia Lucia med Amanda Ooms - Riche Fenix\" \/>\n<meta property=\"og:description\" content=\"Fr\u00f6ken A Ooms har bokat sitt bord bredvid baren med sin svarta mapp fylld av vackra teckningar och en liten extra bricka med Fenix edition mini collage att ge till dem ni \u00e4lskar eller dem som beh\u00f6ver l\u00e4ra sig ett och annat. Kl. 18.00 sker Sankta Lucia performance p\u00e5 bardisken med ord fr\u00e5n poeter och m\u00f6rkr\u00e4dda sj\u00e4lar!\" \/>\n<meta property=\"og:url\" content=\"https:\/\/riche.se\/fenix\/kalendarium\/lucia-lucia-lucia-med-amanda-ooms\/\" \/>\n<meta property=\"og:site_name\" content=\"Riche Fenix\" \/>\n<meta property=\"article:modified_time\" content=\"2025-12-10T10:00:40+00:00\" \/>\n<meta property=\"og:image\" content=\"https:\/\/riche.se\/fenix\/wp-content\/uploads\/sites\/3\/sites\/3\/2025\/12\/IMG_2486-scaled.jpeg\" \/>\n\t<meta property=\"og:image:width\" content=\"1920\" \/>\n\t<meta property=\"og:image:height\" content=\"2560\" \/>\n\t<meta property=\"og:image:type\" content=\"image\/jpeg\" \/>\n<meta name=\"twitter:card\" content=\"summary_large_image\" \/>\n<meta name=\"twitter:label1\" content=\"Ber\u00e4knad l\u00e4stid\" \/>\n\t<meta name=\"twitter:data1\" content=\"1 minut\" \/>\n<script type=\"application\/ld+json\" class=\"yoast-schema-graph\">{\"@context\":\"https:\\\/\\\/schema.org\",\"@graph\":[{\"@type\":\"WebPage\",\"@id\":\"https:\\\/\\\/riche.se\\\/fenix\\\/kalendarium\\\/lucia-lucia-lucia-med-amanda-ooms\\\/\",\"url\":\"https:\\\/\\\/riche.se\\\/fenix\\\/kalendarium\\\/lucia-lucia-lucia-med-amanda-ooms\\\/\",\"name\":\"Lucia Lucia Lucia med Amanda Ooms - Riche Fenix\",\"isPartOf\":{\"@id\":\"https:\\\/\\\/riche.se\\\/fenix\\\/#website\"},\"primaryImageOfPage\":{\"@id\":\"https:\\\/\\\/riche.se\\\/fenix\\\/kalendarium\\\/lucia-lucia-lucia-med-amanda-ooms\\\/#primaryimage\"},\"image\":{\"@id\":\"https:\\\/\\\/riche.se\\\/fenix\\\/kalendarium\\\/lucia-lucia-lucia-med-amanda-ooms\\\/#primaryimage\"},\"thumbnailUrl\":\"https:\\\/\\\/riche.se\\\/fenix\\\/wp-content\\\/uploads\\\/sites\\\/3\\\/sites\\\/3\\\/2025\\\/12\\\/IMG_2486-scaled.jpeg\",\"datePublished\":\"2025-12-10T09:57:08+00:00\",\"dateModified\":\"2025-12-10T10:00:40+00:00\",\"breadcrumb\":{\"@id\":\"https:\\\/\\\/riche.se\\\/fenix\\\/kalendarium\\\/lucia-lucia-lucia-med-amanda-ooms\\\/#breadcrumb\"},\"inLanguage\":\"sv-SE\",\"potentialAction\":[{\"@type\":\"ReadAction\",\"target\":[\"https:\\\/\\\/riche.se\\\/fenix\\\/kalendarium\\\/lucia-lucia-lucia-med-amanda-ooms\\\/\"]}]},{\"@type\":\"ImageObject\",\"inLanguage\":\"sv-SE\",\"@id\":\"https:\\\/\\\/riche.se\\\/fenix\\\/kalendarium\\\/lucia-lucia-lucia-med-amanda-ooms\\\/#primaryimage\",\"url\":\"https:\\\/\\\/riche.se\\\/fenix\\\/wp-content\\\/uploads\\\/sites\\\/3\\\/sites\\\/3\\\/2025\\\/12\\\/IMG_2486-scaled.jpeg\",\"contentUrl\":\"https:\\\/\\\/riche.se\\\/fenix\\\/wp-content\\\/uploads\\\/sites\\\/3\\\/sites\\\/3\\\/2025\\\/12\\\/IMG_2486-scaled.jpeg\",\"width\":1920,\"height\":2560},{\"@type\":\"BreadcrumbList\",\"@id\":\"https:\\\/\\\/riche.se\\\/fenix\\\/kalendarium\\\/lucia-lucia-lucia-med-amanda-ooms\\\/#breadcrumb\",\"itemListElement\":[{\"@type\":\"ListItem\",\"position\":1,\"name\":\"Home\",\"item\":\"https:\\\/\\\/riche.se\\\/fenix\\\/\"},{\"@type\":\"ListItem\",\"position\":2,\"name\":\"Lucia Lucia Lucia med Amanda Ooms\"}]},{\"@type\":\"WebSite\",\"@id\":\"https:\\\/\\\/riche.se\\\/fenix\\\/#website\",\"url\":\"https:\\\/\\\/riche.se\\\/fenix\\\/\",\"name\":\"Riche Fenix\",\"description\":\"\",\"publisher\":{\"@id\":\"https:\\\/\\\/riche.se\\\/fenix\\\/#organization\"},\"potentialAction\":[{\"@type\":\"SearchAction\",\"target\":{\"@type\":\"EntryPoint\",\"urlTemplate\":\"https:\\\/\\\/riche.se\\\/fenix\\\/?s={search_term_string}\"},\"query-input\":{\"@type\":\"PropertyValueSpecification\",\"valueRequired\":true,\"valueName\":\"search_term_string\"}}],\"inLanguage\":\"sv-SE\"},{\"@type\":\"Organization\",\"@id\":\"https:\\\/\\\/riche.se\\\/fenix\\\/#organization\",\"name\":\"Riche Fenix\",\"url\":\"https:\\\/\\\/riche.se\\\/fenix\\\/\",\"logo\":{\"@type\":\"ImageObject\",\"inLanguage\":\"sv-SE\",\"@id\":\"https:\\\/\\\/riche.se\\\/fenix\\\/#\\\/schema\\\/logo\\\/image\\\/\",\"url\":\"https:\\\/\\\/riche.se\\\/fenix\\\/wp-content\\\/uploads\\\/sites\\\/3\\\/sites\\\/3\\\/2022\\\/08\\\/cropped-cropped-cropped-Riche-Fenix_Symbol_RGB_Black_Round-e1660316695957.png\",\"contentUrl\":\"https:\\\/\\\/riche.se\\\/fenix\\\/wp-content\\\/uploads\\\/sites\\\/3\\\/sites\\\/3\\\/2022\\\/08\\\/cropped-cropped-cropped-Riche-Fenix_Symbol_RGB_Black_Round-e1660316695957.png\",\"width\":512,\"height\":512,\"caption\":\"Riche Fenix\"},\"image\":{\"@id\":\"https:\\\/\\\/riche.se\\\/fenix\\\/#\\\/schema\\\/logo\\\/image\\\/\"}}]}<\/script>\n<!-- \/ Yoast SEO plugin. -->","yoast_head_json":{"title":"Lucia Lucia Lucia med Amanda Ooms - Riche Fenix","robots":{"index":"index","follow":"follow","max-snippet":"max-snippet:-1","max-image-preview":"max-image-preview:large","max-video-preview":"max-video-preview:-1"},"canonical":"https:\/\/riche.se\/fenix\/kalendarium\/lucia-lucia-lucia-med-amanda-ooms\/","og_locale":"sv_SE","og_type":"article","og_title":"Lucia Lucia Lucia med Amanda Ooms - Riche Fenix","og_description":"Fr\u00f6ken A Ooms har bokat sitt bord bredvid baren med sin svarta mapp fylld av vackra teckningar och en liten extra bricka med Fenix edition mini collage att ge till dem ni \u00e4lskar eller dem som beh\u00f6ver l\u00e4ra sig ett och annat. Kl. 18.00 sker Sankta Lucia performance p\u00e5 bardisken med ord fr\u00e5n poeter och m\u00f6rkr\u00e4dda sj\u00e4lar!","og_url":"https:\/\/riche.se\/fenix\/kalendarium\/lucia-lucia-lucia-med-amanda-ooms\/","og_site_name":"Riche Fenix","article_modified_time":"2025-12-10T10:00:40+00:00","og_image":[{"width":1920,"height":2560,"url":"https:\/\/riche.se\/fenix\/wp-content\/uploads\/sites\/3\/sites\/3\/2025\/12\/IMG_2486-scaled.jpeg","type":"image\/jpeg"}],"twitter_card":"summary_large_image","twitter_misc":{"Ber\u00e4knad l\u00e4stid":"1 minut"},"schema":{"@context":"https:\/\/schema.org","@graph":[{"@type":"WebPage","@id":"https:\/\/riche.se\/fenix\/kalendarium\/lucia-lucia-lucia-med-amanda-ooms\/","url":"https:\/\/riche.se\/fenix\/kalendarium\/lucia-lucia-lucia-med-amanda-ooms\/","name":"Lucia Lucia Lucia med Amanda Ooms - Riche Fenix","isPartOf":{"@id":"https:\/\/riche.se\/fenix\/#website"},"primaryImageOfPage":{"@id":"https:\/\/riche.se\/fenix\/kalendarium\/lucia-lucia-lucia-med-amanda-ooms\/#primaryimage"},"image":{"@id":"https:\/\/riche.se\/fenix\/kalendarium\/lucia-lucia-lucia-med-amanda-ooms\/#primaryimage"},"thumbnailUrl":"https:\/\/riche.se\/fenix\/wp-content\/uploads\/sites\/3\/sites\/3\/2025\/12\/IMG_2486-scaled.jpeg","datePublished":"2025-12-10T09:57:08+00:00","dateModified":"2025-12-10T10:00:40+00:00","breadcrumb":{"@id":"https:\/\/riche.se\/fenix\/kalendarium\/lucia-lucia-lucia-med-amanda-ooms\/#breadcrumb"},"inLanguage":"sv-SE","potentialAction":[{"@type":"ReadAction","target":["https:\/\/riche.se\/fenix\/kalendarium\/lucia-lucia-lucia-med-amanda-ooms\/"]}]},{"@type":"ImageObject","inLanguage":"sv-SE","@id":"https:\/\/riche.se\/fenix\/kalendarium\/lucia-lucia-lucia-med-amanda-ooms\/#primaryimage","url":"https:\/\/riche.se\/fenix\/wp-content\/uploads\/sites\/3\/sites\/3\/2025\/12\/IMG_2486-scaled.jpeg","contentUrl":"https:\/\/riche.se\/fenix\/wp-content\/uploads\/sites\/3\/sites\/3\/2025\/12\/IMG_2486-scaled.jpeg","width":1920,"height":2560},{"@type":"BreadcrumbList","@id":"https:\/\/riche.se\/fenix\/kalendarium\/lucia-lucia-lucia-med-amanda-ooms\/#breadcrumb","itemListElement":[{"@type":"ListItem","position":1,"name":"Home","item":"https:\/\/riche.se\/fenix\/"},{"@type":"ListItem","position":2,"name":"Lucia Lucia Lucia med Amanda Ooms"}]},{"@type":"WebSite","@id":"https:\/\/riche.se\/fenix\/#website","url":"https:\/\/riche.se\/fenix\/","name":"Riche Fenix","description":"","publisher":{"@id":"https:\/\/riche.se\/fenix\/#organization"},"potentialAction":[{"@type":"SearchAction","target":{"@type":"EntryPoint","urlTemplate":"https:\/\/riche.se\/fenix\/?s={search_term_string}"},"query-input":{"@type":"PropertyValueSpecification","valueRequired":true,"valueName":"search_term_string"}}],"inLanguage":"sv-SE"},{"@type":"Organization","@id":"https:\/\/riche.se\/fenix\/#organization","name":"Riche Fenix","url":"https:\/\/riche.se\/fenix\/","logo":{"@type":"ImageObject","inLanguage":"sv-SE","@id":"https:\/\/riche.se\/fenix\/#\/schema\/logo\/image\/","url":"https:\/\/riche.se\/fenix\/wp-content\/uploads\/sites\/3\/sites\/3\/2022\/08\/cropped-cropped-cropped-Riche-Fenix_Symbol_RGB_Black_Round-e1660316695957.png","contentUrl":"https:\/\/riche.se\/fenix\/wp-content\/uploads\/sites\/3\/sites\/3\/2022\/08\/cropped-cropped-cropped-Riche-Fenix_Symbol_RGB_Black_Round-e1660316695957.png","width":512,"height":512,"caption":"Riche Fenix"},"image":{"@id":"https:\/\/riche.se\/fenix\/#\/schema\/logo\/image\/"}}]}},"_links":{"self":[{"href":"https:\/\/riche.se\/fenix\/wp-json\/wp\/v2\/events\/16052","targetHints":{"allow":["GET"]}}],"collection":[{"href":"https:\/\/riche.se\/fenix\/wp-json\/wp\/v2\/events"}],"about":[{"href":"https:\/\/riche.se\/fenix\/wp-json\/wp\/v2\/types\/events"}],"wp:featuredmedia":[{"embeddable":true,"href":"https:\/\/riche.se\/fenix\/wp-json\/wp\/v2\/media\/16055"}],"wp:attachment":[{"href":"https:\/\/riche.se\/fenix\/wp-json\/wp\/v2\/media?parent=16052"}],"curies":[{"name":"wp","href":"https:\/\/api.w.org\/{rel}","templated":true}]}}

<p><img loading="lazy" decoding="async" class="size-medium wp-image-16054" src="https://riche.se/fenix/wp-content/uploads/sites/3/sites/3/2025/12/IMG_2599-179x300.jpeg" alt="" width="179" height="300" srcset="https://riche.se/fenix/wp-content/uploads/sites/3/sites/3/2025/12/IMG_2599-179x300.jpeg 179w, https://riche.se/fenix/wp-content/uploads/sites/3/sites/3/2025/12/IMG_2599-611x1024.jpeg 611w, https://riche.se/fenix/wp-content/uploads/sites/3/sites/3/2025/12/IMG_2599-768x1286.jpeg 768w, https://riche.se/fenix/wp-content/uploads/sites/3/sites/3/2025/12/IMG_2599.jpeg 828w" sizes="auto, (max-width: 179px) 100vw, 179px" /></p>
<p>&#8221;Lucia Lucia Lucia &#8211; Fräls oss från mörkrets makter&#8221;</p>
<p>Välkomna till oss på Riche Fenix mellan 17:00-19:00 för att värma era själar och ta en rejäl sup mot mörkret!<br />
Fröken <a href="https://www.instagram.com/amandaooms/" target="_blank" rel="noopener"><span style="text-decoration: underline"><strong>A Ooms</strong></span></a> har bokat sitt bord bredvid baren med sin svarta mapp fylld av vackra teckningar och en liten extra bricka med Fenix edition mini collage att ge till dem ni älskar eller dem som behöver lära sig ett och annat.</p>
<p>18.00 sker Sankta Lucia performance på bardisken med ord från poeter och mörkrädda själar!</p>
<p>&nbsp;</p>

<p>Fröken A Ooms har bokat sitt bord bredvid baren med sin svarta mapp fylld av vackra teckningar och en liten extra bricka med Fenix edition mini collage att ge till dem ni älskar eller dem som behöver lära sig ett och annat. Kl. 18.00 sker Sankta Lucia performance på bardisken med ord från poeter och mörkrädda själar!</p>

<!-- This site is optimized with the Yoast SEO plugin v27.5 - https://yoast.com/product/yoast-seo-wordpress/ -->
<title>Lucia Lucia Lucia med Amanda Ooms - Riche Fenix</title>
<meta name="robots" content="index, follow, max-snippet:-1, max-image-preview:large, max-video-preview:-1" />
<link rel="canonical" href="https://riche.se/fenix/kalendarium/lucia-lucia-lucia-med-amanda-ooms/" />
<meta property="og:locale" content="sv_SE" />
<meta property="og:type" content="article" />
<meta property="og:title" content="Lucia Lucia Lucia med Amanda Ooms - Riche Fenix" />
<meta property="og:description" content="Fröken A Ooms har bokat sitt bord bredvid baren med sin svarta mapp fylld av vackra teckningar och en liten extra bricka med Fenix edition mini collage att ge till dem ni älskar eller dem som behöver lära sig ett och annat. Kl. 18.00 sker Sankta Lucia performance på bardisken med ord från poeter och mörkrädda själar!" />
<meta property="og:url" content="https://riche.se/fenix/kalendarium/lucia-lucia-lucia-med-amanda-ooms/" />
<meta property="og:site_name" content="Riche Fenix" />
<meta property="article:modified_time" content="2025-12-10T10:00:40+00:00" />
<meta property="og:image" content="https://riche.se/fenix/wp-content/uploads/sites/3/sites/3/2025/12/IMG_2486-scaled.jpeg" />
	<meta property="og:image:width" content="1920" />
	<meta property="og:image:height" content="2560" />
	<meta property="og:image:type" content="image/jpeg" />
<meta name="twitter:card" content="summary_large_image" />
<meta name="twitter:label1" content="Beräknad lästid" />
	<meta name="twitter:data1" content="1 minut" />
<script type="application/ld+json" class="yoast-schema-graph">{"@context":"https:\/\/schema.org","@graph":[{"@type":"WebPage","@id":"https:\/\/riche.se\/fenix\/kalendarium\/lucia-lucia-lucia-med-amanda-ooms\/","url":"https:\/\/riche.se\/fenix\/kalendarium\/lucia-lucia-lucia-med-amanda-ooms\/","name":"Lucia Lucia Lucia med Amanda Ooms - Riche Fenix","isPartOf":{"@id":"https:\/\/riche.se\/fenix\/#website"},"primaryImageOfPage":{"@id":"https:\/\/riche.se\/fenix\/kalendarium\/lucia-lucia-lucia-med-amanda-ooms\/#primaryimage"},"image":{"@id":"https:\/\/riche.se\/fenix\/kalendarium\/lucia-lucia-lucia-med-amanda-ooms\/#primaryimage"},"thumbnailUrl":"https:\/\/riche.se\/fenix\/wp-content\/uploads\/sites\/3\/sites\/3\/2025\/12\/IMG_2486-scaled.jpeg","datePublished":"2025-12-10T09:57:08+00:00","dateModified":"2025-12-10T10:00:40+00:00","breadcrumb":{"@id":"https:\/\/riche.se\/fenix\/kalendarium\/lucia-lucia-lucia-med-amanda-ooms\/#breadcrumb"},"inLanguage":"sv-SE","potentialAction":[{"@type":"ReadAction","target":["https:\/\/riche.se\/fenix\/kalendarium\/lucia-lucia-lucia-med-amanda-ooms\/"]}]},{"@type":"ImageObject","inLanguage":"sv-SE","@id":"https:\/\/riche.se\/fenix\/kalendarium\/lucia-lucia-lucia-med-amanda-ooms\/#primaryimage","url":"https:\/\/riche.se\/fenix\/wp-content\/uploads\/sites\/3\/sites\/3\/2025\/12\/IMG_2486-scaled.jpeg","contentUrl":"https:\/\/riche.se\/fenix\/wp-content\/uploads\/sites\/3\/sites\/3\/2025\/12\/IMG_2486-scaled.jpeg","width":1920,"height":2560},{"@type":"BreadcrumbList","@id":"https:\/\/riche.se\/fenix\/kalendarium\/lucia-lucia-lucia-med-amanda-ooms\/#breadcrumb","itemListElement":[{"@type":"ListItem","position":1,"name":"Home","item":"https:\/\/riche.se\/fenix\/"},{"@type":"ListItem","position":2,"name":"Lucia Lucia Lucia med Amanda Ooms"}]},{"@type":"WebSite","@id":"https:\/\/riche.se\/fenix\/#website","url":"https:\/\/riche.se\/fenix\/","name":"Riche Fenix","description":"","publisher":{"@id":"https:\/\/riche.se\/fenix\/#organization"},"potentialAction":[{"@type":"SearchAction","target":{"@type":"EntryPoint","urlTemplate":"https:\/\/riche.se\/fenix\/?s={search_term_string}"},"query-input":{"@type":"PropertyValueSpecification","valueRequired":true,"valueName":"search_term_string"}}],"inLanguage":"sv-SE"},{"@type":"Organization","@id":"https:\/\/riche.se\/fenix\/#organization","name":"Riche Fenix","url":"https:\/\/riche.se\/fenix\/","logo":{"@type":"ImageObject","inLanguage":"sv-SE","@id":"https:\/\/riche.se\/fenix\/#\/schema\/logo\/image\/","url":"https:\/\/riche.se\/fenix\/wp-content\/uploads\/sites\/3\/sites\/3\/2022\/08\/cropped-cropped-cropped-Riche-Fenix_Symbol_RGB_Black_Round-e1660316695957.png","contentUrl":"https:\/\/riche.se\/fenix\/wp-content\/uploads\/sites\/3\/sites\/3\/2022\/08\/cropped-cropped-cropped-Riche-Fenix_Symbol_RGB_Black_Round-e1660316695957.png","width":512,"height":512,"caption":"Riche Fenix"},"image":{"@id":"https:\/\/riche.se\/fenix\/#\/schema\/logo\/image\/"}}]}</script>
<!-- / Yoast SEO plugin. -->

Fröken A Ooms har bokat sitt bord bredvid baren med sin svarta mapp fylld av vackra teckningar och en liten extra bricka med Fenix edition mini collage att ge till dem ni älskar eller dem som behöver lära sig ett och annat. Kl. 18.00 sker Sankta Lucia performance på bardisken med ord från poeter och mörkrädda själar!
